{"id":6,"date":"2019-10-23T15:58:12","date_gmt":"2019-10-23T15:58:12","guid":{"rendered":"https:\/\/riganttrade.com\/barcelona\/one-page-express\/"},"modified":"2023-05-17T17:19:16","modified_gmt":"2023-05-17T17:19:16","slug":"one-page-express","status":"publish","type":"page","link":"https:\/\/riganttrade.com\/barcelona\/","title":{"rendered":"Front Page"},"content":{"rendered":"<div  id=\"servicios-de-limpieza\" style=\"background-color: #ffffff;\" data-label=\"Servicios de limpieza\" data-id=\"stripped-coloured-icon-boxes\" data-category=\"overlapable\" class=\"features-coloured-icon-boxes-section\" data-overlap=\"true\">\r\n<div  class=\"gridContainer\">\r\n<div  class=\"features-coloured-icon-boxes-innerrow flexbox-list dark-text\" data-type=\"row\">\r\n<div  class=\"features-coloured-icon-boxes-featurecol cp3cols\">\r\n<div  class=\"features-coloured-icon-boxes-iconcontainer\" data-content-item-container=\"true\"><i  class=\"features-coloured-icon fa fa-bar-chart-o\" data-cp-fa=\"true\"><\/i><\/div>\r\n<h4  class=\"\">Limpieza de Oficinas<\/h4>\r\n<p style=\"text-align: justify;\" class=\"\">Entendemos que el espacio de su oficina siempre debe estar limpio y presentable.\r\nProcuramos que la imagen de su empresa sea excepcional.<\/p>\r\n<a class=\"features-coloured-button\" href=\"https:\/\/riganttrade.com\/Terrassa\/empresa-limpieza-oficinas-riganttrade\/#page-content\" target=\"_self\" rel=\"noopener noreferrer\">M\u00e1s informaci\u00f3n<\/a>\r\n\r\n<\/div>\r\n<div  class=\"features-coloured-icon-boxes-featurecol cp3cols\">\r\n<div  class=\"features-coloured-icon-boxes-iconcontainer\" data-content-item-container=\"true\"><i  class=\"features-coloured-icon fa fa-industry\" data-cp-fa=\"true\"><\/i><\/div>\r\n<h4  class=\"\">Servicios de limpieza industrial<\/h4>\r\n<p style=\"text-align: justify;\" class=\"\">Contamos con equipos especializados que entienden las numerosas regulaciones de construcci\u00f3n y arquitectura que afectan los nuevos proyectos.<\/p>\r\n<a class=\"features-coloured-button\" href=\"https:\/\/riganttrade.com\/Terrassa\/empresa-limpieza-industrial-barcelona-molins-de-rey\/#page-content\" target=\"_self\" rel=\"noopener noreferrer\">M\u00e1s Informaci\u00f3n<\/a>\r\n\r\n<\/div>\r\n<div  class=\"features-coloured-icon-boxes-featurecol cp3cols\">\r\n<div  class=\"features-coloured-icon-boxes-iconcontainer\" data-content-item-container=\"true\"><i  class=\"features-coloured-icon fa  fa-magic\" data-cp-fa=\"true\"><\/i><\/div>\r\n<h4  class=\"\">Limpieza personalizada<\/h4>\r\n<p style=\"text-align: justify;\" class=\"\">Nuestra amplia gama de soluciones de limpieza por contrato se extiende a varios sectores, incluidos minoristas, comerciales, industriales y p\u00fablicos<\/p>\r\n<a class=\"features-coloured-button\" href=\"https:\/\/riganttrade.com\/Terrassa\/servicios-de-limpieza-personalizados\/#page-content\" target=\"_self\" rel=\"noopener noreferrer\">m\u00e1s informaci\u00f3n<\/a>\r\n\r\n<\/div>\r\n&nbsp;\r\n<div  class=\"features-coloured-icon-boxes-featurecol cp3cols\">\r\n<div  class=\"features-coloured-icon-boxes-iconcontainer\" data-content-item-container=\"true\"><i  class=\"features-coloured-icon fa fa-building-o\" data-cp-fa=\"true\"><\/i><\/div>\r\n<h4  class=\"\">Servicios de limpieza comunidades<\/h4>\r\n<p style=\"text-align: justify;\" class=\"\">Nuestros cualificados equipos de planificaci\u00f3n trabajan a fondo y no damos un trabajo nunca por terminado hasta no obtener la conformidad de nuestro cliente.<\/p>\r\n<a class=\"features-coloured-button\" href=\"https:\/\/riganttrade.com\/Terrassa\/empresa-de-limpieza-de-comunidades-de-vecinos-barcelona\/#page-content\" target=\"_self\" rel=\"noopener noreferrer\">m\u00e1s informaci\u00f3n<\/a>\r\n<\/div>\r\n\r\n\r\n<div  class=\"features-coloured-icon-boxes-featurecol cp3cols\">\r\n<div  class=\"features-coloured-icon-boxes-iconcontainer\" data-content-item-container=\"true\"><i  class=\"features-coloured-icon fa fa-bed\" data-cp-fa=\"true\"><\/i><\/div>\r\n<h4  class=\"\">Camareras de Hotel<\/h4>\r\n<p style=\"text-align: justify;\" class=\"\">Somos especialistas en limpieza de habitaciones de hotel, as\u00ed como mantenimiento en general, tambi\u00e9n nos dedicamos a externalizaci\u00f3n de todos los servicios de hosteler\u00eda.<\/p>\r\n<a class=\"features-coloured-button\" href=\"#camareras\" target=\"_self\" rel=\"noopener noreferrer\">m\u00e1s informaci\u00f3n<\/a>\r\n\r\n\r\n\r\n\r\n\r\n\r\n\r\n\r\n\r\n\r\n\r\n\r\n\r\n\r\n\r\n\r\n<\/div>\r\n\r\n\r\n\r\n<\/div>\r\n<\/div>\r\n<\/div><div  id=\"sobre\" style=\"background-color: #f6f6f6;\" data-label=\"Sobre\" data-id=\"about-big-images-section\" data-category=\"about\" class=\"about-big-images-section\">\r\n<div  class=\"gridContainer\">\r\n<div  class=\"about-big-images-textrow\">\r\n<div  class=\"about-big-images-textcol dynamic-color\" data-type=\"column\">\r\n<h5  class=\"\">Bienvenido a RigantTrade Barcelona<\/h5>\r\n<h3  class=\"\">Como l\u00edderes del mercado en pr\u00e1cticas de limpieza sostenibles y respetuosas con el medio ambiente, vemos la sostenibilidad como un factor clave en el futuro de nuestra industria.<\/h3>\r\n<p style=\"text-align: justify;\" class=\"\">RigantTrade tiene un enfoque claro; limpieza. Como empresa, toda nuestra energ\u00eda, tiempo y dinero est\u00e1n comprometidos a proporcionar el mejor servicio de su clase, las \u00faltimas innovaciones de la industria y el personal m\u00e1s seguro y motivado. Garantizar que reciba una limpieza impecable ha sido nuestra \u00fanica prioridad, durante m\u00e1s de 25 a\u00f1os.<\/p>\r\n<a class=\"button blue big\" href=\"#contact-4\" target=\"_self\" rel=\"noopener noreferrer\">Contacte con RigantTrade<\/a>\r\n\r\n<\/div>\r\n<\/div>\r\n<\/div>\r\n<div  class=\"about-big-images-bottomrow\">\r\n<div  class=\"about-big-images-leftimgcol\"><picture  decoding=\"async\" class=\"about-big-images-leftimg\">\r\n\r\n<img  decoding=\"async\" class=\"about-big-images-leftimg lazy\" src=\"https:\/\/riganttrade.com\/barcelona\/wp-content\/uploads\/2023\/05\/riganttrade-empresa-limpieza-barcelonal-castelldefels.jpg\" data-src=\"https:\/\/riganttrade.com\/barcelona\/wp-content\/uploads\/\/2023\/05\/riganttrade-empresa-limpieza-barcelonal-castelldefels.jpg\" alt=\"riganttrade empresa limpieza barcelonal\"><\/picture><\/div>\r\n<div  class=\"about-big-images-centerimgcol\"><picture  decoding=\"async\" class=\"about-big-images-centerimg lazy\">\r\n\r\n<img  decoding=\"async\" src=\"https:\/\/riganttrade.com\/barcelona\/wp-content\/uploads\/2023\/05\/lp-ban-cleaners-cleaning-a-house-1200x630-1.jpeg\" data-src=\"https:\/\/riganttrade.com\/terrassa\/wp-content\/uploads\/2019\/11\/riganttrade-empresa-limpieza-comunidades-barcelona-molins-de-rey-industrial.jpg\" alt=\"riganttrade empresa limpieza barcelona castelldefels molins terrassa\">\r\n<\/picture>\r\n<\/div>\r\n<div  class=\"about-big-images-rightimgcol\"><img  decoding=\"async\" class=\"about-big-images-rightimg lazy\" src=\"https:\/\/riganttrade.com\/barcelona\/wp-content\/uploads\/2023\/05\/Barcelona-riganttrade-empresa-limpieza-barcelona-terrassa.jpg\" data-src=\"https:\/\/riganttrade.com\/barcelona\/wp-content\/uploads\/2019\/11\/limpieza-comunidad-vecinos-barcelona-molins-neteja-comunitat-veins-neteges.jpg\" alt=\"Barcelona riganttrade empresa limpieza barcelona\"><\/div>\r\n<\/div><\/div><div  id=\"content-3\" style=\"background-color: #ffffff;\" data-label=\"Content\" data-id=\"content-image-left\" data-category=\"content\" class=\"content-left-image-section\">\r\n<div  class=\"gridContainer\">\r\n<div  class=\"row\">\r\n<div  class=\"content-left-image-imgcol\" data-type=\"column\"><picture  decoding=\"async\" class=\"lazy\">\r\n\r\n<img  decoding=\"async\" src=\"https:\/\/riganttrade.com\/barcelona\/wp-content\/uploads\/2023\/05\/empresa-de-limpieza-barcelona.jpg\" data-src=\"https:\/\/riganttrade.com\/Terrassa\/wp-content\/uploads\/2019\/11\/riganttrade-empresa-limpieza-domestica-industrial-barcelona-molins-de-rey.jpg\" alt=\"empresa de limpieza barcelona\">\r\n<\/picture>\r\n<\/div>\r\n<div  class=\"content-left-image-textcol dynamic-color\" data-type=\"column\">\r\n<h2  class=\"\">Una de las cosas que mejor hacemos<\/h2>\r\n<p style=\"text-align: justify;\" class=\"large_text\">Cada d\u00eda, limpiamos oficinas, comercios, comunidades,&nbsp; almacenes industriales y m\u00e1s, en nuestra amplia gama de clientes. Todos nuestros clientes son \u00fanicos, pero una cosa con la que todos pueden contar es con los resultados de limpieza superiores que esperar\u00e1n de RigantTrade<\/p>\r\n<a class=\"button blue\" href=\"tel:+34634441676\" target=\"_self\" rel=\"noopener noreferrer\"> Ll\u00e1menos <\/a>\r\n<\/div><\/div><\/div><\/div><div  id=\"cta-1\" data-label=\"Call to action\" data-id=\"cta-blue-section\" data-category=\"cta\" class=\"cta-blue-section\">\r\n<div  class=\"gridContainer\">\r\n<div  class=\"flexbox-list flexbox-list-align-center row\">\r\n<div  class=\"cta-blue-textcol dynamic-color\">\r\n<h2  class=\"cta-blue-text\"><b  class=\"element2\"> RigantTrade <\/b>De profesional a profesional<\/h2>\r\n<\/div>\r\n<div  class=\"cta-blue-btncol\"><a class=\"button big yellow dark-text\" href=\"#contact-4\" target=\"_self\" rel=\"noopener noreferrer\"> Contacte ahora <\/a><\/div>\r\n<\/div>\r\n<\/div>\r\n<\/div><div  data-label=\"About\" data-id=\"about-images-right-section\" data-category=\"about\" class=\"about-images-right-section\" id=\"about-3\" style=\"background-color: #f6f6f6;\">\r\n<div  class=\"gridContainer dynamic-color\">\r\n<div  class=\"about-images-right-innerrow dynamic-color\">\r\n<div  class=\"about-images-right-textcol\" data-type=\"column\">\r\n<h2  class=\"\">RigantTrade<\/h2>\r\n<p style=\"text-align: justify;\" class=\"\">Ya sea que necesite una empresa de limpieza dom\u00e9stica de confianza o est\u00e9 buscando una limpieza minuciosa en su lugar de trabajo, RigantTrade empresa de limpieza,&nbsp; tiene el servicio para satisfacer sus necesidades\r\nNuestros equipos m\u00f3viles altamente eficientes cubren la zona de Barcelona y su cinturon industrial, ofreciendo una limpieza completa a precios competitivos. Esto incluye opciones especializadas as\u00ed como opciones regulares para hogares y oficinas. Ya sea que necesite una empresa de limpieza dom\u00e9stica confiable o est\u00e9 buscando una limpieza minuciosa en el lugar de trabajo<\/p>\r\n<\/div>\r\n\r\n\t\r\n\t\r\n\t\r\n\t\r\n<div  class=\"about-images-right-imgcol\"><img  decoding=\"async\" class=\"about-images-right-topimg lazy\" src=\"https:\/\/riganttrade.com\/barcelona\/wp-content\/uploads\/2023\/05\/riganttrade-empresa-limpieza-barcelonal-castelldefels.jpg\" data-src=\"https:\/\/riganttrade.com\/barcelona\/wp-content\/uploads\/2019\/11\/riganttrade-empresa-limpieza-comunidades-barcelona-molins-de-rey-industrial.jpg\" alt=\"riganttrade empresa limpieza barcelonal\">\r\n\r\n<img  decoding=\"async\" class=\"about-images-right-rightimg lazy\" src=\"https:\/\/riganttrade.com\/barcelona\/wp-content\/uploads\/2023\/05\/Barcelona-riganttrade-empresa-limpieza-barcelona-terrassa.jpg\" data-src=\"https:\/\/riganttrade.com\/barcelona\/wp-content\/uploads\/2019\/11\/riganttrade-empresa-limpieza-oficina-barcelona-molins-de-rey-contacto.jpg\" alt=\"Barcelona riganttrade empresa limpieza barcelona\">\r\n\r\n<img  decoding=\"async\" class=\"about-images-right-leftimg lazy\" src=\"https:\/\/riganttrade.com\/barcelona\/wp-content\/uploads\/2019\/11\/riganttrade-empresa-limpieza-oficina-barcelona-molins-de-rey-contacto.jpg\" data-src=\"https:\/\/riganttrade.com\/barcelona\/wp-content\/uploads\/2019\/10\/content_office.jpg\" alt=\"riganttrade empresa limpieza oficina barcelona molins de rey contacto\">\r\n<\/div>\r\n<\/div>\r\n<\/div>\r\n<\/div><div  data-label=\"Camareras\" data-id=\"stripped-about-four-boxes-section\" data-category=\"overlapable\" class=\"stripped-about-four-boxes-section\" data-overlap=\"true\" id=\"camareras\" style=\"background-color: rgb(255, 255, 255);\"> \r\n   <div  class=\"almig\"><h2 >Camareras de Hotel<\/h2><\/div>\t\r\n   <div  class=\"gridContainer\"> <div  class=\"about-four-boxes-innerrow flexbox-list\"> <div  class=\"about-four-boxes-imgcol\" data-bg=\"image\" style=\"background-image: url(&quot;https:\/\/riganttrade.com\/barcelona\/wp-content\/uploads\/2023\/05\/camarera-de-hotel.jpg&quot;);\">\r\n   <\/div>\r\n   <div  class=\"about-four-boxes-textcol\" data-type=\"column\"> <h6  class=\"\">Rigant Trade Camareras hotel<\/h6> <h2  class=\"\">Camareras de Hotel<\/h2> <p style=\"text-align: justify;\" class=\"\">Somos especialistas en limpieza de habitaciones de hotel, as\u00ed como mantenimiento en general, tambi\u00e9n nos dedicamos a  externalizaci\u00f3n de todos los servicios de hosteler\u00eda vinculados a limpieza, servicios de lavander\u00eda, recogida y entrega, etc<\/p> \r\n   <\/div>\r\n   <div  class=\"about-four-boxes-textcol\" data-type=\"column\"> <h6  class=\"\">Rigant Trade Camareros hotel<\/h6> <h2  class=\"\">Camareros de Hotel<\/h2> <p style=\"text-align: justify;\" class=\"\">Nuestro enfoque comercial va mucho m\u00e1s all\u00e1 de las operaciones diarias. El trabajo en equipo y el desarrollo de cada persona forma parte integral de nuestro modelo de negocio. Esto, a su vez, da como resultado una fuerza laboral m\u00e1s comprometida y motivada y un mayor rendimiento en su negocio, ya sea Hotel o ApartHotel<\/p> \r\n   <\/div>\r\n   <div  class=\"about-four-boxes-imgcol2\" data-bg=\"image\" style=\"background-image: url(&quot;https:\/\/riganttrade.com\/barcelona\/wp-content\/uploads\/2023\/05\/camareras-de-hotel-barcelona.jpg&quot;);\">\r\n <\/div>\r\n<\/div> \r\n<\/div>\r\n<\/div><div  id=\"contact-4\" data-label=\"Contact\" data-id=\"contact-section\" data-category=\"contact\" data-bg=\"transparent\" class=\"contact-section-formsection white-text\">\r\n   <div  class=\"\">\r\n      <div  class=\"row_224\">\r\n         <div  class=\"contact-textrow\">\r\n            <div  class=\"contact-textcol dynamic-color\">\r\n            <h2  class=\"\">RigantTrade Barcelona<\/h2>\r\n            <p  class=\"white_text\">Descubra como podemos ayudarle a resolver cualquier cuesti\u00f3n que le preocupe. Haganos llegar cualquier duda o consulta y le llamaremos r\u00e1pidamente<\/p>\r\n            <\/div>\r\n         <\/div>\r\n      <\/div>\r\n     <div  class=\"contact-formcol\" data-content-shortcode=\"one_page_express_contact_form shortcode=&quot;contact-form-7 id=&amp;amp;quot;47&amp;amp;quot; title=&amp;amp;quot;contacto principal&amp;amp;quot;&quot;\" data-editable=\"true\">\n<div class=\"wpcf7 no-js\" id=\"wpcf7-f47-o1\" lang=\"es-ES\" dir=\"ltr\" data-wpcf7-id=\"47\">\n<div class=\"screen-reader-response\"><p role=\"status\" aria-live=\"polite\" aria-atomic=\"true\"><\/p> <ul><\/ul><\/div>\n<form action=\"\/barcelona\/wp-json\/wp\/v2\/pages\/6#wpcf7-f47-o1\" method=\"post\" class=\"wpcf7-form init\" aria-label=\"Formulario de contacto\" novalidate=\"novalidate\" data-status=\"init\">\n<fieldset class=\"hidden-fields-container\"><input type=\"hidden\" name=\"_wpcf7\" value=\"47\" \/><input type=\"hidden\" name=\"_wpcf7_version\" value=\"6.1.5\" \/><input type=\"hidden\" name=\"_wpcf7_locale\" value=\"es_ES\" \/><input type=\"hidden\" name=\"_wpcf7_unit_tag\" value=\"wpcf7-f47-o1\" \/><input type=\"hidden\" name=\"_wpcf7_container_post\" value=\"0\" \/><input type=\"hidden\" name=\"_wpcf7_posted_data_hash\" value=\"\" \/><input type=\"hidden\" name=\"_wpcf7_recaptcha_response\" value=\"\" \/>\n<\/fieldset>\n<div style=\"background:#666; padding:20px\"\">\n\t<table border=\"0\" width=\"100%\" cellpadding=\"0\" >\n\t\t<tbody>\n\t\t\t<tr>\n\t\t\t\t<td style=\"color:#FFF\">\n\t\t\t\t\t<h3>Contacto <strong>RigantTrade<\/strong>\n\t\t\t\t\t<\/h3>\n\t\t\t\t\t<p class=\"petit\">C. Sant Pere d'Abanto, 4<br \/>\n08014 - Barcelona<br \/>\nemail: <a href=\"mailto:info@riganttrade.com\">info@riganttrade.com<\/a><br \/>\nTF: <a href=\"tel:+930180296\">930 180 296<\/a><br \/>\nMb: <a href=\"tel:+34634441676\">634 441 676<\/a>\n\t\t\t\t\t<\/p>\n\t\t\t\t\t<h4><strong>RigantTrade<\/strong> Castelldefels\n\t\t\t\t\t<\/h4>\n\t\t\t\t\t<p class=\"petit\">Avda. Constituci\u00f3, 181<br \/>\n08860 - Castelldefels - Barcelona<br \/>\nemail: <a href=\"mailto:info@riganttrade.com\">info@riganttrade.com<\/a><br \/>\nTF: <a href=\"tel:+930180296\">930 180 296<\/a><br \/>\nMb: <a href=\"tel:+34634441676\">634 441 676<\/a><br \/>\n<a href=\"https:\/\/riganttrade.com\/castelldefels\/\"><strong>RigantTrade Castelldefels<\/strong><\/a>\n\t\t\t\t\t<\/p>\n\t\t\t\t\t<h4><strong>RigantTrade<\/strong> Molins de Rei\n\t\t\t\t\t<\/h4>\n\t\t\t\t\t<p class=\"petit\">Pla\u00e7a Catalunya, 14<br \/>\n08750 - Molins de Rei - Barcelona<br \/>\nemail: <a href=\"mailto:info@riganttrade.com\">info@riganttrade.com<\/a><br \/>\nTF: <a href=\"tel:+930180296\">930 180 296<\/a><br \/>\nMb: <a href=\"tel:+34634441676\">634 441 676<\/a><br \/>\n<a href=\"https:\/\/riganttrade.com\/molinsderei\/\"><strong>RigantTrade Molins de Rei<\/strong><\/a>\n\t\t\t\t\t<\/p>\n\t\t\t\t\t<h4><strong>RigantTrade<\/strong> Terrassa\n\t\t\t\t\t<\/h4>\n\t\t\t\t\t<p class=\"petit\">C\/ Fra Bonaventura Gran, 20<br \/>\n08224 - Terrassa - Barcelona<br \/>\nemail: <a href=\"mailto:info@riganttrade.com\">info@riganttrade.com<\/a><br \/>\nTF: <a href=\"tel:+930180296\">930 180 296<\/a><br \/>\nMb: <a href=\"tel:+34634441676\">634 441 676<\/a><br \/>\n<a href=\"https:\/\/riganttrade.com\/Terrassa\/\"><strong>RigantTrade Terrassa<\/strong><\/a>\n\t\t\t\t\t<\/p>\n\t\t\t\t<\/td>\n\t\t\t\t<td>\n\t\t\t\t\t<p><label style=\"color:#FFF\"> Nombre*<br \/>\n<span class=\"wpcf7-form-control-wrap\" data-name=\"your-name\"><input size=\"40\" maxlength=\"400\" class=\"wpcf7-form-control wpcf7-text wpcf7-validates-as-required\" aria-required=\"true\" aria-invalid=\"false\" value=\"\" type=\"text\" name=\"your-name\" \/><\/span> <\/label>\n\t\t\t\t\t<\/p>\n\t\t\t\t\t<p><label style=\"color:#FFF\"> Email*<br \/>\n<span class=\"wpcf7-form-control-wrap\" data-name=\"your-email\"><input size=\"40\" maxlength=\"400\" class=\"wpcf7-form-control wpcf7-email wpcf7-validates-as-required wpcf7-text wpcf7-validates-as-email\" aria-required=\"true\" aria-invalid=\"false\" value=\"\" type=\"email\" name=\"your-email\" \/><\/span> <\/label>\n\t\t\t\t\t<\/p>\n\t\t\t\t\t<p><label style=\"color:#FFF\"> Telf*<br \/>\n<span class=\"wpcf7-form-control-wrap\" data-name=\"tel-642\"><input size=\"40\" maxlength=\"400\" class=\"wpcf7-form-control wpcf7-tel wpcf7-validates-as-required wpcf7-text wpcf7-validates-as-tel\" aria-required=\"true\" aria-invalid=\"false\" value=\"\" type=\"tel\" name=\"tel-642\" \/><\/span> <\/label>\n\t\t\t\t\t<\/p>\n\t\t\t\t\t<p><label style=\"color:#FFF\"> \u00bfTiene actualmente una empresa de limpieza?<\/label><br \/>\n<span class=\"wpcf7-form-control-wrap\" data-name=\"radio-272\"><span class=\"wpcf7-form-control wpcf7-radio\"><span class=\"wpcf7-list-item first\"><span class=\"wpcf7-list-item-label\">Si<\/span><input type=\"radio\" name=\"radio-272\" value=\"Si\" \/><\/span><span class=\"wpcf7-list-item last\"><span class=\"wpcf7-list-item-label\">No<\/span><input type=\"radio\" name=\"radio-272\" value=\"No\" checked=\"checked\" \/><\/span><\/span><\/span>\n\t\t\t\t\t<\/p>\n\t\t\t\t\t<p><label style=\"color:#FFF\"> Frecuencia solicitada<\/label><br \/>\n<span class=\"wpcf7-form-control-wrap\" data-name=\"menu-271\"><select class=\"wpcf7-form-control wpcf7-select\" aria-invalid=\"false\" multiple=\"multiple\" name=\"menu-271[]\"><option value=\"Diario\">Diario<\/option><option value=\"Semanal\">Semanal<\/option><option value=\"2 x semana\">2 x semana<\/option><option value=\"3 x semana\">3 x semana<\/option><option value=\"Mensual\">Mensual<\/option><option value=\"Trabajo puntual\">Trabajo puntual<\/option><option value=\"Otros\">Otros<\/option><\/select><\/span><br \/>\n<label style=\"color:#FFF\"> Su mensaje<br \/>\n<span class=\"wpcf7-form-control-wrap\" data-name=\"your-message\"><textarea cols=\"40\" rows=\"10\" maxlength=\"2000\" class=\"wpcf7-form-control wpcf7-textarea\" aria-invalid=\"false\" name=\"your-message\"><\/textarea><\/span> <\/label>\n\t\t\t\t\t<\/p>\n\t\t\t\t\t<p><input class=\"wpcf7-form-control wpcf7-submit has-spinner\" type=\"submit\" value=\"Enviar\" \/>\n\t\t\t\t\t<\/p>\n\t\t\t\t<\/td>\n\t\t\t<\/tr>\n\t\t<\/tbody>\n\t<\/table>\n\t<p><iframe loading=\"lazy\" style=\"border: 0;\" src=\"https:\/\/www.google.com\/maps\/embed?pb=!1m18!1m12!1m3!1d2994.116998777543!2d2.1413588157265995!3d41.37154270493966!2m3!1f0!2f0!3f0!3m2!1i1024!2i768!4f13.1!3m3!1m2!1s0x12a499d63c5d4b6d%3A0x1d68399b4848021d!2sRigantTrade%20Barcelona!5e0!3m2!1ses!2ses!4v1643988778896!5m2!1ses!2ses\" width=\"100%\" height=\"450\" frameborder=\"0\" style=\"border:0;\" allowfullscreen=\"\"><\/iframe>\n\t<\/p>\n<\/div><div class=\"wpcf7-response-output\" aria-hidden=\"true\"><\/div>\n<\/form>\n<\/div>\n<\/div>\r\n  <\/div>\r\n<\/div>","protected":false},"excerpt":{"rendered":"<p>Limpieza de Oficinas Entendemos que el espacio de su oficina siempre debe estar limpio y presentable. Procuramos que la imagen de su empresa sea excepcional. M\u00e1s informaci\u00f3n Servicios de limpieza industrial Contamos con equipos especializados que entienden las numerosas regulaciones de construcci\u00f3n y arquitectura que afectan los nuevos proyectos. M\u00e1s Informaci\u00f3n Limpieza personalizada Nuestra amplia&hellip; <br \/> <a class=\"button small blue\" href=\"https:\/\/riganttrade.com\/barcelona\/hello-world\/\">Leer m\u00e1s<\/a><\/p>\n","protected":false},"author":3,"featured_media":0,"parent":0,"menu_order":0,"comment_status":"closed","ping_status":"closed","template":"","meta":{"footnotes":""},"class_list":["post-6","page","type-page","status-publish","hentry"],"_links":{"self":[{"href":"https:\/\/riganttrade.com\/barcelona\/wp-json\/wp\/v2\/pages\/6","targetHints":{"allow":["GET"]}}],"collection":[{"href":"https:\/\/riganttrade.com\/barcelona\/wp-json\/wp\/v2\/pages"}],"about":[{"href":"https:\/\/riganttrade.com\/barcelona\/wp-json\/wp\/v2\/types\/page"}],"author":[{"embeddable":true,"href":"https:\/\/riganttrade.com\/barcelona\/wp-json\/wp\/v2\/users\/3"}],"replies":[{"embeddable":true,"href":"https:\/\/riganttrade.com\/barcelona\/wp-json\/wp\/v2\/comments?post=6"}],"version-history":[{"count":64,"href":"https:\/\/riganttrade.com\/barcelona\/wp-json\/wp\/v2\/pages\/6\/revisions"}],"predecessor-version":[{"id":385,"href":"https:\/\/riganttrade.com\/barcelona\/wp-json\/wp\/v2\/pages\/6\/revisions\/385"}],"wp:attachment":[{"href":"https:\/\/riganttrade.com\/barcelona\/wp-json\/wp\/v2\/media?parent=6"}],"curies":[{"name":"wp","href":"https:\/\/api.w.org\/{rel}","templated":true}]}}