{"id":64,"date":"2019-11-09T11:23:46","date_gmt":"2019-11-09T11:23:46","guid":{"rendered":"https:\/\/riganttrade.com\/Terrassa\/?page_id=64"},"modified":"2023-05-15T13:56:34","modified_gmt":"2023-05-15T13:56:34","slug":"empresa-limpieza-industrial-barcelona-molins-de-rey","status":"publish","type":"page","link":"https:\/\/riganttrade.com\/Terrassa\/empresa-limpieza-industrial-barcelona-molins-de-rey\/","title":{"rendered":"Empresa de Limpieza Industrial"},"content":{"rendered":"<h1 style=\"text-align: center;\">Limpieza y mantenimiento de Comercios y naves industriales<\/h1>\n<p style=\"text-align: justify;\">Los requisitos de limpieza de una nave industrial o comercial son un desaf\u00edo \u00fanico para una empresa de limpieza. Tenemos una considerable experiencia en esta \u00e1rea, y podemos aportar ese conocimiento especializado para ofrecer sitios limpios y seguros para nuestros clientes.<\/br><br \/>\n<strong>RigantTrade<\/strong>, Empresa de limpieza de edificios y naves industriales ubicada en Barcelona, Castelldefels, Molins de Rey y Terrassa, dispone del personal y log\u00edstica apropiada para realizar el mantenimiento de limpieza integral de edificios en todos sus aspectos y necesidades. Para ello contamos con un equipo de profesionales altamente cualificados y la maquinaria y accesorios con la versatilidad adecuada para poder acceder a la limpieza de todas las zonas de una manera m\u00e1s r\u00e1pida y efectiva, sin producir impactos molestos en las zonas de trabajo o accesos y zonas de circulaci\u00f3n del edificio.<\/p>\n<h3 style=\"text-align: center;\">Servicios de limpieza de industrial y de edificios:<\/h3>\n<p>&nbsp;<\/p>\n<table border=\"0\" width=\"100%\">\n<tbody>\n<tr>\n<td><img loading=\"lazy\" decoding=\"async\" class=\"size-medium wp-image-101\" src=\"https:\/\/riganttrade.com\/Terrassa\/wp-content\/uploads\/2019\/11\/riganttrade-empresa-limpieza-industrial-barcelona-molins-de-rey-contacto-300x200.jpg\" alt=\"riganttrade empresa limpieza industrial barcelona molins de rey contacto\" width=\"300\" height=\"200\" srcset=\"https:\/\/riganttrade.com\/Terrassa\/wp-content\/uploads\/2019\/11\/riganttrade-empresa-limpieza-industrial-barcelona-molins-de-rey-contacto-300x200.jpg 300w, https:\/\/riganttrade.com\/Terrassa\/wp-content\/uploads\/2019\/11\/riganttrade-empresa-limpieza-industrial-barcelona-molins-de-rey-contacto-768x512.jpg 768w, https:\/\/riganttrade.com\/Terrassa\/wp-content\/uploads\/2019\/11\/riganttrade-empresa-limpieza-industrial-barcelona-molins-de-rey-contacto-1024x682.jpg 1024w, https:\/\/riganttrade.com\/Terrassa\/wp-content\/uploads\/2019\/11\/riganttrade-empresa-limpieza-industrial-barcelona-molins-de-rey-contacto.jpg 1280w\" sizes=\"auto, (max-width: 300px) 100vw, 300px\" \/><\/td>\n<td>\n<ul>\n<li>Escobado, aspirado y fregado de suelos con maquinaria motorizada<\/li>\n<li>Limpieza y abrillantado de paredes seg\u00fan material<\/li>\n<li>Limpieza de vidrios y ventanales en todas las alturas<\/li>\n<li>Limpieza y abrillantado de superficies met\u00e1licas<\/li>\n<li>Limpieza y abrillantado de ascensores<\/li>\n<li>Escobados de garajes y aparcamientos con barredoras motorizadas<\/li>\n<li>Limpieza Integral de despachos y oficinas<\/li>\n<li>Limpieza de cortinas, tapicer\u00edas y paredes tapizadas<\/li>\n<li>Todo tipo de servicios de desinfecci\u00f3n desinsectaci\u00f3n y desratizaci\u00f3n<\/li>\n<\/ul>\n<\/td>\n<\/tr>\n<\/tbody>\n<\/table>\n<p>&nbsp;<\/p>\n\n<div class=\"wpcf7 no-js\" id=\"wpcf7-f103-o1\" lang=\"es-ES\" dir=\"ltr\" data-wpcf7-id=\"103\">\n<div class=\"screen-reader-response\"><p role=\"status\" aria-live=\"polite\" aria-atomic=\"true\"><\/p> <ul><\/ul><\/div>\n<form action=\"\/Terrassa\/wp-json\/wp\/v2\/pages\/64#wpcf7-f103-o1\" method=\"post\" class=\"wpcf7-form init\" aria-label=\"Formulario de contacto\" novalidate=\"novalidate\" data-status=\"init\">\n<fieldset class=\"hidden-fields-container\"><input type=\"hidden\" name=\"_wpcf7\" value=\"103\" \/><input type=\"hidden\" name=\"_wpcf7_version\" value=\"6.1.5\" \/><input type=\"hidden\" name=\"_wpcf7_locale\" value=\"es_ES\" \/><input type=\"hidden\" name=\"_wpcf7_unit_tag\" value=\"wpcf7-f103-o1\" \/><input type=\"hidden\" name=\"_wpcf7_container_post\" value=\"0\" \/><input type=\"hidden\" name=\"_wpcf7_posted_data_hash\" value=\"\" \/><input type=\"hidden\" name=\"_wpcf7_recaptcha_response\" value=\"\" \/>\n<\/fieldset>\n<h2 align=\"center\">Contacte con RigantTrade Terrassa\n<\/h2>\n<table width=\"100%\" border=\"0\">\n\t<tr>\n\t\t<td rowspan=\"5\">\n\t\t\t<p>Contacto <strong>RigantTrade Terrassa<\/strong>\n\t\t\t<\/p>\n\t\t\t<p><a href=\"mailto:info@riganttrade.com\">info@riganttrade.com<\/a>\n\t\t\t<\/p>\n\t\t\t<p><a href=\"tel:+930180296\">930 180 296<\/a>\n\t\t\t<\/p>\n\t\t\t<p><a href=\"tel:+34634441676\">634 441 676<\/a>\n\t\t\t<\/p>\n\t\t\t<p>C \/Fra Bonaventura Gran, 20\n\t\t\t<\/p>\n\t\t\t<p>08224 - Terrassa<br \/>\nBarcelona\n\t\t\t<\/p>\n\t\t\t<p>&nbsp;\n\t\t\t<\/p>\n\t\t<\/td>\n\t\t<td>\n\t\t\t<p align=\"right\">Nombre*\n\t\t\t<\/p>\n\t\t<\/td>\n\t\t<td>\n\t\t\t<p><span class=\"wpcf7-form-control-wrap\" data-name=\"your-name\"><input size=\"40\" maxlength=\"400\" class=\"wpcf7-form-control wpcf7-text wpcf7-validates-as-required\" aria-required=\"true\" aria-invalid=\"false\" value=\"\" type=\"text\" name=\"your-name\" \/><\/span>\n\t\t\t<\/p>\n\t\t<\/td>\n\t<\/tr>\n\t<tr>\n\t\t<td>\n\t\t\t<p align=\"right\">Email*\n\t\t\t<\/p>\n\t\t<\/td>\n\t\t<td>\n\t\t\t<p><span class=\"wpcf7-form-control-wrap\" data-name=\"your-email\"><input size=\"40\" maxlength=\"400\" class=\"wpcf7-form-control wpcf7-email wpcf7-validates-as-required wpcf7-text wpcf7-validates-as-email\" aria-required=\"true\" aria-invalid=\"false\" value=\"\" type=\"email\" name=\"your-email\" \/><\/span>\n\t\t\t<\/p>\n\t\t<\/td>\n\t<\/tr>\n\t<tr>\n\t\t<td>\n\t\t\t<p align=\"right\">Telf*\n\t\t\t<\/p>\n\t\t<\/td>\n\t\t<td>\n\t\t\t<p><span class=\"wpcf7-form-control-wrap\" data-name=\"tel-642\"><input size=\"40\" maxlength=\"400\" class=\"wpcf7-form-control wpcf7-tel wpcf7-validates-as-required wpcf7-text wpcf7-validates-as-tel\" aria-required=\"true\" aria-invalid=\"false\" value=\"\" type=\"tel\" name=\"tel-642\" \/><\/span>\n\t\t\t<\/p>\n\t\t<\/td>\n\t<\/tr>\n\t<tr>\n\t\t<td>\n\t\t\t<p align=\"right\">Su mensaje\n\t\t\t<\/p>\n\t\t<\/td>\n\t\t<td>\n\t\t\t<p><span class=\"wpcf7-form-control-wrap\" data-name=\"your-message\"><input size=\"40\" maxlength=\"400\" class=\"wpcf7-form-control wpcf7-text wpcf7-validates-as-required\" aria-required=\"true\" aria-invalid=\"false\" value=\"\" type=\"text\" name=\"your-message\" \/><\/span>\n\t\t\t<\/p>\n\t\t<\/td>\n\t<\/tr>\n\t<tr>\n\t\t<td>\n\t\t<\/td>\n\t\t<td>\n\t\t\t<p align=\"center\"><input class=\"wpcf7-form-control wpcf7-submit has-spinner\" type=\"submit\" value=\"Enviar\" \/>\n\t\t\t<\/p>\n\t\t<\/td>\n\t<\/tr>\n<\/table>\n<p><iframe src=\"https:\/\/www.google.com\/maps\/embed?pb=!1m18!1m12!1m3!1d2985.1607188649746!2d2.0027677765785015!3d41.56576608491097!2m3!1f0!2f0!3f0!3m2!1i1024!2i768!4f13.1!3m3!1m2!1s0x12a492be4cdeb6b3%3A0x4287f3ed0e3d462d!2sCarrer%20de%20Fra%20Bonaventura%20Gran%2C%2020%2C%2008224%20Terrassa%2C%20Barcelona!5e0!3m2!1sca!2ses!4v1683740064592!5m2!1sca!2ses\" width=\"100%\" height=\"450\" style=\"border:0;\" allowfullscreen=\"\" loading=\"lazy\" referrerpolicy=\"no-referrer-when-downgrade\"><\/iframe>\n<\/p><div class=\"wpcf7-response-output\" aria-hidden=\"true\"><\/div>\n<\/form>\n<\/div>\n\n","protected":false},"excerpt":{"rendered":"<p>Limpieza y mantenimiento de Comercios y naves industriales Los requisitos de limpieza de una nave industrial o comercial son un desaf\u00edo \u00fanico para una empresa de limpieza. Tenemos una considerable experiencia en esta \u00e1rea, y podemos aportar ese conocimiento especializado para ofrecer sitios limpios y seguros para nuestros clientes. RigantTrade, Empresa de limpieza de edificios&hellip; <br \/> <a class=\"button small blue\" href=\"https:\/\/riganttrade.com\/Terrassa\/empresa-limpieza-industrial-barcelona-molins-de-rey\/\">Leer m\u00e1s<\/a><\/p>\n","protected":false},"author":3,"featured_media":0,"parent":0,"menu_order":0,"comment_status":"closed","ping_status":"closed","template":"","meta":{"footnotes":""},"class_list":["post-64","page","type-page","status-publish","hentry"],"_links":{"self":[{"href":"https:\/\/riganttrade.com\/Terrassa\/wp-json\/wp\/v2\/pages\/64","targetHints":{"allow":["GET"]}}],"collection":[{"href":"https:\/\/riganttrade.com\/Terrassa\/wp-json\/wp\/v2\/pages"}],"about":[{"href":"https:\/\/riganttrade.com\/Terrassa\/wp-json\/wp\/v2\/types\/page"}],"author":[{"embeddable":true,"href":"https:\/\/riganttrade.com\/Terrassa\/wp-json\/wp\/v2\/users\/3"}],"replies":[{"embeddable":true,"href":"https:\/\/riganttrade.com\/Terrassa\/wp-json\/wp\/v2\/comments?post=64"}],"version-history":[{"count":12,"href":"https:\/\/riganttrade.com\/Terrassa\/wp-json\/wp\/v2\/pages\/64\/revisions"}],"predecessor-version":[{"id":369,"href":"https:\/\/riganttrade.com\/Terrassa\/wp-json\/wp\/v2\/pages\/64\/revisions\/369"}],"wp:attachment":[{"href":"https:\/\/riganttrade.com\/Terrassa\/wp-json\/wp\/v2\/media?parent=64"}],"curies":[{"name":"wp","href":"https:\/\/api.w.org\/{rel}","templated":true}]}}